{"id":827,"date":"2025-11-24T21:58:50","date_gmt":"2025-11-24T21:58:50","guid":{"rendered":"https:\/\/brettern.org\/wordpress\/?page_id=827"},"modified":"2026-02-06T14:08:13","modified_gmt":"2026-02-06T14:08:13","slug":"workshops","status":"publish","type":"page","link":"https:\/\/brettern.org\/wordpress\/workshops\/","title":{"rendered":"Workshops"},"content":{"rendered":"\n<div class=\"wp-block-cover alignfull is-light wp-duotone-rgb000-rgb87166205-1\" style=\"margin-top:0;padding-top:48px;padding-right:48px;padding-bottom:48px;padding-left:48px;min-height:66vh;aspect-ratio:unset;\"><img loading=\"lazy\" decoding=\"async\" width=\"724\" height=\"1024\" class=\"wp-block-cover__image-background wp-image-1100 size-large\" alt=\"\" src=\"https:\/\/brettern.org\/wordpress\/wp-content\/uploads\/2026\/02\/WORKSHOP_2025-07_SN_MarkoHoerschelmann_MG_7831_bearb-724x1024.jpg\" style=\"object-position:87% 36%\" data-object-fit=\"cover\" data-object-position=\"87% 36%\" srcset=\"https:\/\/brettern.org\/wordpress\/wp-content\/uploads\/2026\/02\/WORKSHOP_2025-07_SN_MarkoHoerschelmann_MG_7831_bearb-724x1024.jpg 724w, https:\/\/brettern.org\/wordpress\/wp-content\/uploads\/2026\/02\/WORKSHOP_2025-07_SN_MarkoHoerschelmann_MG_7831_bearb-212x300.jpg 212w, https:\/\/brettern.org\/wordpress\/wp-content\/uploads\/2026\/02\/WORKSHOP_2025-07_SN_MarkoHoerschelmann_MG_7831_bearb-768x1086.jpg 768w, https:\/\/brettern.org\/wordpress\/wp-content\/uploads\/2026\/02\/WORKSHOP_2025-07_SN_MarkoHoerschelmann_MG_7831_bearb-1086x1536.jpg 1086w, https:\/\/brettern.org\/wordpress\/wp-content\/uploads\/2026\/02\/WORKSHOP_2025-07_SN_MarkoHoerschelmann_MG_7831_bearb-1448x2048.jpg 1448w, https:\/\/brettern.org\/wordpress\/wp-content\/uploads\/2026\/02\/WORKSHOP_2025-07_SN_MarkoHoerschelmann_MG_7831_bearb-scaled.jpg 1810w\" sizes=\"auto, (max-width: 724px) 100vw, 724px\" \/><span aria-hidden=\"true\" class=\"wp-block-cover__background has-background-dim-0 has-background-dim\" style=\"background-color:#928284\"><\/span><div class=\"wp-block-cover__inner-container is-layout-flow wp-block-cover-is-layout-flow\">\n<div class=\"wp-block-columns is-layout-flex wp-container-core-columns-is-layout-28f84493 wp-block-columns-is-layout-flex\">\n<div class=\"wp-block-column is-layout-flow wp-block-column-is-layout-flow\" style=\"flex-basis:66%\">\n<h2 class=\"wp-block-heading has-text-align-left has-white-color has-text-color has-barlow-condensed-font-family\" style=\"font-size:clamp(2.629em, 2.629rem + ((1vw - 0.2em) * 3.719), 5em);font-style:normal;font-weight:500;letter-spacing:0px;line-height:1;text-transform:uppercase\">Workshops<\/h2>\n\n\n\n<p class=\"has-text-align-left is-style-default has-base-color has-text-color has-link-color has-large-font-size wp-elements-32053453081b60f40330ce5ada7fc620\">In verschiedenen Rahmen konnten wir in den letzten Jahren viele verschiedene Workshop-Formate f\u00fcr Kinder und Heranwachsende bis hin zu Ausgewachsenen Anf\u00e4nger*innen auf Rollen oder an Mikrophonen geben und koordinieren.<br><\/p>\n<\/div>\n<\/div>\n<\/div><\/div>\n\n\n\n<div class=\"wp-block-group alignfull is-style-section-5 has-global-padding is-layout-constrained wp-block-group-is-layout-constrained\" style=\"margin-top:0;margin-bottom:0;padding-top:var(--wp--preset--spacing--50);padding-bottom:var(--wp--preset--spacing--50)\">\n<div class=\"wp-block-group alignwide is-layout-grid wp-container-core-group-is-layout-5fdb10e5 wp-block-group-is-layout-grid\" style=\"padding-top:var(--wp--preset--spacing--50);padding-bottom:var(--wp--preset--spacing--50)\">\n<div class=\"wp-block-group is-vertical is-content-justification-stretch is-nowrap is-layout-flex wp-container-core-group-is-layout-627337ab wp-block-group-is-layout-flex\">\n<div class=\"wp-block-group is-vertical is-content-justification-left is-layout-flex wp-container-core-group-is-layout-dd225191 wp-block-group-is-layout-flex\">\n<h2 class=\"wp-block-heading is-style-text-annotation\">Kooperationen \u2013 yeay!<\/h2>\n\n\n\n<p class=\"is-style-text-subtitle\">Wir kooperieren gerade bei Skate-Workshops oft mit dem Team Jugendarbeit Weimar und k\u00f6nnen hier gegenseitig von unseren jeweiligen Expertisen profitieren. Wir teilen uns oft die zur Verf\u00fcgung stehenden Ressourcen und k\u00f6nnen so gemeinsam spannende Angebote schaffen, die allein in diesem Rahmen nicht m\u00f6glich w\u00e4ren.&nbsp;<\/p>\n<\/div>\n\n\n\n<figure class=\"wp-block-image size-full\"><img loading=\"lazy\" decoding=\"async\" width=\"2560\" height=\"1920\" src=\"https:\/\/brettern.org\/wordpress\/wp-content\/uploads\/2026\/02\/WORKSHOP_2025-07_SN_MiriamZweck_IMG_1762_bearb-scaled.jpg\" alt=\"\" class=\"wp-image-1041\" style=\"aspect-ratio:16\/9;object-fit:cover\" srcset=\"https:\/\/brettern.org\/wordpress\/wp-content\/uploads\/2026\/02\/WORKSHOP_2025-07_SN_MiriamZweck_IMG_1762_bearb-scaled.jpg 2560w, https:\/\/brettern.org\/wordpress\/wp-content\/uploads\/2026\/02\/WORKSHOP_2025-07_SN_MiriamZweck_IMG_1762_bearb-300x225.jpg 300w, https:\/\/brettern.org\/wordpress\/wp-content\/uploads\/2026\/02\/WORKSHOP_2025-07_SN_MiriamZweck_IMG_1762_bearb-1024x768.jpg 1024w, https:\/\/brettern.org\/wordpress\/wp-content\/uploads\/2026\/02\/WORKSHOP_2025-07_SN_MiriamZweck_IMG_1762_bearb-768x576.jpg 768w, https:\/\/brettern.org\/wordpress\/wp-content\/uploads\/2026\/02\/WORKSHOP_2025-07_SN_MiriamZweck_IMG_1762_bearb-1536x1152.jpg 1536w, https:\/\/brettern.org\/wordpress\/wp-content\/uploads\/2026\/02\/WORKSHOP_2025-07_SN_MiriamZweck_IMG_1762_bearb-2048x1536.jpg 2048w\" sizes=\"auto, (max-width: 2560px) 100vw, 2560px\" \/><\/figure>\n<\/div>\n\n\n\n<figure class=\"wp-block-image size-full wp-duotone-rgb000-rgb255255255-2\"><img loading=\"lazy\" decoding=\"async\" width=\"1707\" height=\"2560\" src=\"https:\/\/brettern.org\/wordpress\/wp-content\/uploads\/2026\/02\/WORKSHOP_2025-07_SN_MarkoHoerschelmann_MG_7825-scaled.jpg\" alt=\"\" class=\"wp-image-1035\" style=\"aspect-ratio:3\/4;object-fit:cover\" srcset=\"https:\/\/brettern.org\/wordpress\/wp-content\/uploads\/2026\/02\/WORKSHOP_2025-07_SN_MarkoHoerschelmann_MG_7825-scaled.jpg 1707w, https:\/\/brettern.org\/wordpress\/wp-content\/uploads\/2026\/02\/WORKSHOP_2025-07_SN_MarkoHoerschelmann_MG_7825-200x300.jpg 200w, https:\/\/brettern.org\/wordpress\/wp-content\/uploads\/2026\/02\/WORKSHOP_2025-07_SN_MarkoHoerschelmann_MG_7825-683x1024.jpg 683w, https:\/\/brettern.org\/wordpress\/wp-content\/uploads\/2026\/02\/WORKSHOP_2025-07_SN_MarkoHoerschelmann_MG_7825-768x1152.jpg 768w, https:\/\/brettern.org\/wordpress\/wp-content\/uploads\/2026\/02\/WORKSHOP_2025-07_SN_MarkoHoerschelmann_MG_7825-1024x1536.jpg 1024w, https:\/\/brettern.org\/wordpress\/wp-content\/uploads\/2026\/02\/WORKSHOP_2025-07_SN_MarkoHoerschelmann_MG_7825-1365x2048.jpg 1365w\" sizes=\"auto, (max-width: 1707px) 100vw, 1707px\" \/><\/figure>\n\n\n\n<p>Fotos 2025: Marko H\u00f6rschelmann und Miriam Zweck<\/p>\n\n\n\n<p><\/p>\n<\/div>\n<\/div>\n\n\n\n<div class=\"wp-block-group alignfull has-global-padding is-layout-constrained wp-container-core-group-is-layout-08655630 wp-block-group-is-layout-constrained\" style=\"margin-top:0;margin-bottom:0;padding-top:var(--wp--preset--spacing--80);padding-bottom:var(--wp--preset--spacing--80)\">\n<div class=\"wp-block-group alignwide is-layout-flow wp-block-group-is-layout-flow\">\n<p class=\"has-text-align-center is-style-text-display\" style=\"font-style:normal;font-weight:400\">Bei Interesse an einem Workshop als Dienstleistung meldet euch gern via <a href=\"mailto:kontakt@brettern.org\" rel=\"nofollow\">Email<\/a> bei uns.<\/p>\n\n\n\n<div style=\"height:var(--wp--preset--spacing--40)\" aria-hidden=\"true\" class=\"wp-block-spacer\"><\/div>\n\n\n\n<ul class=\"wp-block-social-links has-icon-color is-style-logos-only is-content-justification-center is-layout-flex wp-container-core-social-links-is-layout-a89b3969 wp-block-social-links-is-layout-flex\"><li class=\"wp-social-link wp-social-link-instagram has-contrast-color wp-block-social-link\"><a rel=\"noopener nofollow\" target=\"_blank\" href=\"https:\/\/www.instagram.com\/brettern_ev\" class=\"wp-block-social-link-anchor\"><svg width=\"24\" height=\"24\" viewBox=\"0 0 24 24\" version=\"1.1\" xmlns=\"http:\/\/www.w3.org\/2000\/svg\" aria-hidden=\"true\" focusable=\"false\"><path d=\"M12,4.622c2.403,0,2.688,0.009,3.637,0.052c0.877,0.04,1.354,0.187,1.671,0.31c0.42,0.163,0.72,0.358,1.035,0.673 c0.315,0.315,0.51,0.615,0.673,1.035c0.123,0.317,0.27,0.794,0.31,1.671c0.043,0.949,0.052,1.234,0.052,3.637 s-0.009,2.688-0.052,3.637c-0.04,0.877-0.187,1.354-0.31,1.671c-0.163,0.42-0.358,0.72-0.673,1.035 c-0.315,0.315-0.615,0.51-1.035,0.673c-0.317,0.123-0.794,0.27-1.671,0.31c-0.949,0.043-1.233,0.052-3.637,0.052 s-2.688-0.009-3.637-0.052c-0.877-0.04-1.354-0.187-1.671-0.31c-0.42-0.163-0.72-0.358-1.035-0.673 c-0.315-0.315-0.51-0.615-0.673-1.035c-0.123-0.317-0.27-0.794-0.31-1.671C4.631,14.688,4.622,14.403,4.622,12 s0.009-2.688,0.052-3.637c0.04-0.877,0.187-1.354,0.31-1.671c0.163-0.42,0.358-0.72,0.673-1.035 c0.315-0.315,0.615-0.51,1.035-0.673c0.317-0.123,0.794-0.27,1.671-0.31C9.312,4.631,9.597,4.622,12,4.622 M12,3 C9.556,3,9.249,3.01,8.289,3.054C7.331,3.098,6.677,3.25,6.105,3.472C5.513,3.702,5.011,4.01,4.511,4.511 c-0.5,0.5-0.808,1.002-1.038,1.594C3.25,6.677,3.098,7.331,3.054,8.289C3.01,9.249,3,9.556,3,12c0,2.444,0.01,2.751,0.054,3.711 c0.044,0.958,0.196,1.612,0.418,2.185c0.23,0.592,0.538,1.094,1.038,1.594c0.5,0.5,1.002,0.808,1.594,1.038 c0.572,0.222,1.227,0.375,2.185,0.418C9.249,20.99,9.556,21,12,21s2.751-0.01,3.711-0.054c0.958-0.044,1.612-0.196,2.185-0.418 c0.592-0.23,1.094-0.538,1.594-1.038c0.5-0.5,0.808-1.002,1.038-1.594c0.222-0.572,0.375-1.227,0.418-2.185 C20.99,14.751,21,14.444,21,12s-0.01-2.751-0.054-3.711c-0.044-0.958-0.196-1.612-0.418-2.185c-0.23-0.592-0.538-1.094-1.038-1.594 c-0.5-0.5-1.002-0.808-1.594-1.038c-0.572-0.222-1.227-0.375-2.185-0.418C14.751,3.01,14.444,3,12,3L12,3z M12,7.378 c-2.552,0-4.622,2.069-4.622,4.622S9.448,16.622,12,16.622s4.622-2.069,4.622-4.622S14.552,7.378,12,7.378z M12,15 c-1.657,0-3-1.343-3-3s1.343-3,3-3s3,1.343,3,3S13.657,15,12,15z M16.804,6.116c-0.596,0-1.08,0.484-1.08,1.08 s0.484,1.08,1.08,1.08c0.596,0,1.08-0.484,1.08-1.08S17.401,6.116,16.804,6.116z\"><\/path><\/svg><span class=\"wp-block-social-link-label screen-reader-text\">Instagram<\/span><\/a><\/li>\n\n<li class=\"wp-social-link wp-social-link-youtube has-contrast-color wp-block-social-link\"><a rel=\"noopener nofollow\" target=\"_blank\" href=\"https:\/\/www.youtube.com\/@Brettern_eV\" class=\"wp-block-social-link-anchor\"><svg width=\"24\" height=\"24\" viewBox=\"0 0 24 24\" version=\"1.1\" xmlns=\"http:\/\/www.w3.org\/2000\/svg\" aria-hidden=\"true\" focusable=\"false\"><path d=\"M21.8,8.001c0,0-0.195-1.378-0.795-1.985c-0.76-0.797-1.613-0.801-2.004-0.847c-2.799-0.202-6.997-0.202-6.997-0.202 h-0.009c0,0-4.198,0-6.997,0.202C4.608,5.216,3.756,5.22,2.995,6.016C2.395,6.623,2.2,8.001,2.2,8.001S2,9.62,2,11.238v1.517 c0,1.618,0.2,3.237,0.2,3.237s0.195,1.378,0.795,1.985c0.761,0.797,1.76,0.771,2.205,0.855c1.6,0.153,6.8,0.201,6.8,0.201 s4.203-0.006,7.001-0.209c0.391-0.047,1.243-0.051,2.004-0.847c0.6-0.607,0.795-1.985,0.795-1.985s0.2-1.618,0.2-3.237v-1.517 C22,9.62,21.8,8.001,21.8,8.001z M9.935,14.594l-0.001-5.62l5.404,2.82L9.935,14.594z\"><\/path><\/svg><span class=\"wp-block-social-link-label screen-reader-text\">YouTube<\/span><\/a><\/li><\/ul>\n<\/div>\n<\/div>\n","protected":false},"excerpt":{"rendered":"<p>Kooperationen \u2013 yeay! Wir kooperieren gerade bei Skate-Workshops oft mit dem Team Jugendarbeit Weimar und k\u00f6nnen hier gegenseitig von unseren jeweiligen Expertisen profitieren. Wir teilen uns oft die zur Verf\u00fcgung stehenden Ressourcen und k\u00f6nnen so gemeinsam spannende Angebote schaffen, die allein in diesem Rahmen nicht m\u00f6glich w\u00e4ren.&nbsp; Fotos 2025: Marko H\u00f6rschelmann und Miriam Zweck Bei [&hellip;]<\/p>\n","protected":false},"author":1,"featured_media":0,"parent":0,"menu_order":0,"comment_status":"closed","ping_status":"closed","template":"page-no-title","meta":{"footnotes":""},"class_list":["post-827","page","type-page","status-publish","hentry"],"_links":{"self":[{"href":"https:\/\/brettern.org\/wordpress\/wp-json\/wp\/v2\/pages\/827","targetHints":{"allow":["GET"]}}],"collection":[{"href":"https:\/\/brettern.org\/wordpress\/wp-json\/wp\/v2\/pages"}],"about":[{"href":"https:\/\/brettern.org\/wordpress\/wp-json\/wp\/v2\/types\/page"}],"author":[{"embeddable":true,"href":"https:\/\/brettern.org\/wordpress\/wp-json\/wp\/v2\/users\/1"}],"replies":[{"embeddable":true,"href":"https:\/\/brettern.org\/wordpress\/wp-json\/wp\/v2\/comments?post=827"}],"version-history":[{"count":15,"href":"https:\/\/brettern.org\/wordpress\/wp-json\/wp\/v2\/pages\/827\/revisions"}],"predecessor-version":[{"id":1120,"href":"https:\/\/brettern.org\/wordpress\/wp-json\/wp\/v2\/pages\/827\/revisions\/1120"}],"wp:attachment":[{"href":"https:\/\/brettern.org\/wordpress\/wp-json\/wp\/v2\/media?parent=827"}],"curies":[{"name":"wp","href":"https:\/\/api.w.org\/{rel}","templated":true}]}}