{"id":332,"date":"2025-04-13T10:36:27","date_gmt":"2025-04-13T10:36:27","guid":{"rendered":"https:\/\/brettern.org\/wordpress\/?page_id=332"},"modified":"2026-02-06T14:01:19","modified_gmt":"2026-02-06T14:01:19","slug":"archiv","status":"publish","type":"page","link":"https:\/\/brettern.org\/wordpress\/archiv\/","title":{"rendered":"Archiv"},"content":{"rendered":"\n<div class=\"wp-block-group alignfull is-layout-flow wp-container-core-group-is-layout-91e3d405 wp-block-group-is-layout-flow\" style=\"min-height:0px;margin-top:0;margin-bottom:0;padding-top:0;padding-bottom:0\">\n<div class=\"wp-block-columns alignwide is-layout-flex wp-container-core-columns-is-layout-f732cb08 wp-block-columns-is-layout-flex\" style=\"margin-top:0;margin-bottom:0\">\n<div class=\"wp-block-column a img { filter: grayscale(100%); transition: filter 0.3s ease; } a:hover grayscale(0%); is-style-default is-layout-flow wp-container-core-column-is-layout-0390f29b wp-block-column-is-layout-flow\" style=\"padding-right:0;padding-left:0\">\n<figure class=\"wp-block-image size-full has-custom-border .skatenacht-hover img {  transition: transform 0.3s ease !important, opacity !important; } .skatenacht-hover:hover transform: scale(1.05) opacity: 0.85 wp-duotone-111111-rgb20918399-1\" style=\"margin-bottom:24px\"><a href=\"https:\/\/brettern.org\/wordpress\/skatenacht\/\" rel=\"Skatenacht\"><img loading=\"lazy\" decoding=\"async\" width=\"1707\" height=\"2560\" src=\"https:\/\/brettern.org\/wordpress\/wp-content\/uploads\/2026\/02\/VIBE_2025-07_SN_IvanDjumbov_FRIEDRICH_01-scaled.png\" alt=\"Skatenacht Moodpic\" class=\"wp-image-1043\" style=\"border-style:none;border-width:0px;aspect-ratio:4\/3;object-fit:cover\" srcset=\"https:\/\/brettern.org\/wordpress\/wp-content\/uploads\/2026\/02\/VIBE_2025-07_SN_IvanDjumbov_FRIEDRICH_01-scaled.png 1707w, https:\/\/brettern.org\/wordpress\/wp-content\/uploads\/2026\/02\/VIBE_2025-07_SN_IvanDjumbov_FRIEDRICH_01-200x300.png 200w, https:\/\/brettern.org\/wordpress\/wp-content\/uploads\/2026\/02\/VIBE_2025-07_SN_IvanDjumbov_FRIEDRICH_01-683x1024.png 683w, https:\/\/brettern.org\/wordpress\/wp-content\/uploads\/2026\/02\/VIBE_2025-07_SN_IvanDjumbov_FRIEDRICH_01-768x1152.png 768w, https:\/\/brettern.org\/wordpress\/wp-content\/uploads\/2026\/02\/VIBE_2025-07_SN_IvanDjumbov_FRIEDRICH_01-1024x1536.png 1024w\" sizes=\"auto, (max-width: 1707px) 100vw, 1707px\" \/><\/a><\/figure>\n\n\n\n<div class=\"wp-block-group is-vertical is-content-justification-left is-layout-flex wp-container-core-group-is-layout-74270371 wp-block-group-is-layout-flex\" style=\"margin-bottom:var(--wp--preset--spacing--40);padding-right:var(--wp--preset--spacing--40);padding-left:var(--wp--preset--spacing--40)\">\n<h3 class=\"wp-block-heading is-style-default has-x-large-font-size\" style=\"text-decoration:underline\"><a href=\"https:\/\/brettern.org\/wordpress\/skatenacht\/\" data-type=\"page\" data-id=\"699\">Skatenacht<\/a><\/h3>\n\n\n\n<p class=\"has-medium-font-size\">Die Skatenacht auf dem Theaterplatz ist unsere \u00bb\u00e4lteste\u00ab Veranstaltung in Weimar und zugleich&nbsp; eine Begegnungsplattform f\u00fcr Jung und Alt.<\/p>\n<\/div>\n<\/div>\n\n\n\n<div class=\"wp-block-column a img { filter: grayscale(100%); transition: filter 0.3s ease; } a:hover grayscale(0%); is-style-default is-layout-flow wp-container-core-column-is-layout-0390f29b wp-block-column-is-layout-flow\" style=\"padding-right:0;padding-left:0\">\n<figure class=\"wp-block-image size-full .skatenacht-hover img {  transition: transform 0.3s ease !important, opacity !important; } .skatenacht-hover:hover transform: scale(1.05) opacity: 0.85 wp-duotone-rgb000-rgb222114114-2\" style=\"margin-bottom:24px\"><a href=\"https:\/\/brettern.org\/wordpress\/rollschuhdisko\/\" rel=\"Rollschuhdisko\"><img loading=\"lazy\" decoding=\"async\" width=\"1707\" height=\"2560\" src=\"https:\/\/brettern.org\/wordpress\/wp-content\/uploads\/2026\/02\/Rollschuhdisko_30092023_CarolinKlemm_75-scaled.jpg\" alt=\"Rollschuhdisko Moodpic\" class=\"wp-image-1057\" style=\"aspect-ratio:4\/3;object-fit:cover\" srcset=\"https:\/\/brettern.org\/wordpress\/wp-content\/uploads\/2026\/02\/Rollschuhdisko_30092023_CarolinKlemm_75-scaled.jpg 1707w, https:\/\/brettern.org\/wordpress\/wp-content\/uploads\/2026\/02\/Rollschuhdisko_30092023_CarolinKlemm_75-200x300.jpg 200w, https:\/\/brettern.org\/wordpress\/wp-content\/uploads\/2026\/02\/Rollschuhdisko_30092023_CarolinKlemm_75-683x1024.jpg 683w, https:\/\/brettern.org\/wordpress\/wp-content\/uploads\/2026\/02\/Rollschuhdisko_30092023_CarolinKlemm_75-768x1152.jpg 768w, https:\/\/brettern.org\/wordpress\/wp-content\/uploads\/2026\/02\/Rollschuhdisko_30092023_CarolinKlemm_75-1024x1536.jpg 1024w, https:\/\/brettern.org\/wordpress\/wp-content\/uploads\/2026\/02\/Rollschuhdisko_30092023_CarolinKlemm_75-1365x2048.jpg 1365w\" sizes=\"auto, (max-width: 1707px) 100vw, 1707px\" \/><\/a><\/figure>\n\n\n\n<div class=\"wp-block-group is-vertical is-layout-flex wp-container-core-group-is-layout-0193d91d wp-block-group-is-layout-flex\" style=\"margin-bottom:var(--wp--preset--spacing--40);padding-right:var(--wp--preset--spacing--40);padding-left:var(--wp--preset--spacing--40)\">\n<h3 class=\"wp-block-heading is-style-default has-x-large-font-size\" style=\"text-decoration:underline\"><a href=\"https:\/\/brettern.org\/wordpress\/rollschuhdisko\/\" data-type=\"page\" data-id=\"699\">Rollschuhdisko<\/a><\/h3>\n\n\n\n<p class=\"has-medium-font-size\">Die erste \u00f6ffentliche Rollschuhdisko konnten wir 2023 auf dem St\u00e9phane- Hessel-Platz in Weimar organisieren. Die Veranstaltung war so erfolgreich, dass uns schnell klar war, die Rollschuhdisko wird unsere zweite gro\u00dfe j\u00e4hrlich stattfindende Veranstaltung.<\/p>\n<\/div>\n<\/div>\n\n\n\n<div class=\"wp-block-column a img { filter: grayscale(100%); transition: filter 0.3s ease; } a:hover grayscale(0%); is-style-default is-layout-flow wp-container-core-column-is-layout-0390f29b wp-block-column-is-layout-flow\" style=\"padding-right:0;padding-left:0\">\n<figure class=\"wp-block-image size-full .skatenacht-hover img {  transition: transform 0.3s ease !important, opacity !important; } .skatenacht-hover:hover transform: scale(1.05) opacity: 0.85 wp-duotone-rgb000-rgb87166205-3\" style=\"margin-bottom:24px\"><a href=\"https:\/\/brettern.org\/wordpress\/workshops\/\" rel=\"Workshops\"><img loading=\"lazy\" decoding=\"async\" width=\"2560\" height=\"1920\" src=\"https:\/\/brettern.org\/wordpress\/wp-content\/uploads\/2026\/02\/WORKSHOP_2025-07_SN_MiriamZweck_IMG_1762_bearb-scaled.jpg\" alt=\"Workshops Moodpic\" class=\"wp-image-1041\" style=\"aspect-ratio:4\/3;object-fit:cover\" srcset=\"https:\/\/brettern.org\/wordpress\/wp-content\/uploads\/2026\/02\/WORKSHOP_2025-07_SN_MiriamZweck_IMG_1762_bearb-scaled.jpg 2560w, https:\/\/brettern.org\/wordpress\/wp-content\/uploads\/2026\/02\/WORKSHOP_2025-07_SN_MiriamZweck_IMG_1762_bearb-300x225.jpg 300w, https:\/\/brettern.org\/wordpress\/wp-content\/uploads\/2026\/02\/WORKSHOP_2025-07_SN_MiriamZweck_IMG_1762_bearb-1024x768.jpg 1024w, https:\/\/brettern.org\/wordpress\/wp-content\/uploads\/2026\/02\/WORKSHOP_2025-07_SN_MiriamZweck_IMG_1762_bearb-768x576.jpg 768w, https:\/\/brettern.org\/wordpress\/wp-content\/uploads\/2026\/02\/WORKSHOP_2025-07_SN_MiriamZweck_IMG_1762_bearb-1536x1152.jpg 1536w, https:\/\/brettern.org\/wordpress\/wp-content\/uploads\/2026\/02\/WORKSHOP_2025-07_SN_MiriamZweck_IMG_1762_bearb-2048x1536.jpg 2048w\" sizes=\"auto, (max-width: 2560px) 100vw, 2560px\" \/><\/a><\/figure>\n\n\n\n<div class=\"wp-block-group is-vertical is-layout-flex wp-container-core-group-is-layout-0193d91d wp-block-group-is-layout-flex\" style=\"margin-bottom:var(--wp--preset--spacing--40);padding-right:var(--wp--preset--spacing--40);padding-left:var(--wp--preset--spacing--40)\">\n<h3 class=\"wp-block-heading is-style-default has-x-large-font-size\" style=\"text-decoration:underline\"><a href=\"https:\/\/brettern.org\/wordpress\/workshops\/\" data-type=\"page\" data-id=\"699\">Workshops<\/a><\/h3>\n\n\n\n<p class=\"has-medium-font-size\">Wir koordinieren und geben Workshops f\u00fcr Kinder und Heranwachsende bis hin zu Ausgewachsenen Anf\u00e4nger*innen auf Rollen, an Mikrophonen und beim Bauen. <\/p>\n<\/div>\n<\/div>\n<\/div>\n<\/div>\n\n\n\n<p><\/p>\n","protected":false},"excerpt":{"rendered":"<p>Skatenacht Die Skatenacht auf dem Theaterplatz ist unsere \u00bb\u00e4lteste\u00ab Veranstaltung in Weimar und zugleich&nbsp; eine Begegnungsplattform f\u00fcr Jung und Alt. Rollschuhdisko Die erste \u00f6ffentliche Rollschuhdisko konnten wir 2023 auf dem St\u00e9phane- Hessel-Platz in Weimar organisieren. Die Veranstaltung war so erfolgreich, dass uns schnell klar war, die Rollschuhdisko wird unsere zweite gro\u00dfe j\u00e4hrlich stattfindende Veranstaltung. Workshops [&hellip;]<\/p>\n","protected":false},"author":1,"featured_media":0,"parent":0,"menu_order":0,"comment_status":"closed","ping_status":"closed","template":"page-no-title","meta":{"footnotes":""},"class_list":["post-332","page","type-page","status-publish","hentry"],"_links":{"self":[{"href":"https:\/\/brettern.org\/wordpress\/wp-json\/wp\/v2\/pages\/332","targetHints":{"allow":["GET"]}}],"collection":[{"href":"https:\/\/brettern.org\/wordpress\/wp-json\/wp\/v2\/pages"}],"about":[{"href":"https:\/\/brettern.org\/wordpress\/wp-json\/wp\/v2\/types\/page"}],"author":[{"embeddable":true,"href":"https:\/\/brettern.org\/wordpress\/wp-json\/wp\/v2\/users\/1"}],"replies":[{"embeddable":true,"href":"https:\/\/brettern.org\/wordpress\/wp-json\/wp\/v2\/comments?post=332"}],"version-history":[{"count":45,"href":"https:\/\/brettern.org\/wordpress\/wp-json\/wp\/v2\/pages\/332\/revisions"}],"predecessor-version":[{"id":1112,"href":"https:\/\/brettern.org\/wordpress\/wp-json\/wp\/v2\/pages\/332\/revisions\/1112"}],"wp:attachment":[{"href":"https:\/\/brettern.org\/wordpress\/wp-json\/wp\/v2\/media?parent=332"}],"curies":[{"name":"wp","href":"https:\/\/api.w.org\/{rel}","templated":true}]}}

<div class="wp-block-group alignfull is-layout-flow wp-container-core-group-is-layout-91e3d405 wp-block-group-is-layout-flow" style="min-height:0px;margin-top:0;margin-bottom:0;padding-top:0;padding-bottom:0">
<div class="wp-block-columns alignwide is-layout-flex wp-container-core-columns-is-layout-f732cb08 wp-block-columns-is-layout-flex" style="margin-top:0;margin-bottom:0">
<div class="wp-block-column a img { filter: grayscale(100%); transition: filter 0.3s ease; } a:hover grayscale(0%); is-style-default is-layout-flow wp-container-core-column-is-layout-0390f29b wp-block-column-is-layout-flow" style="padding-right:0;padding-left:0">
<figure class="wp-block-image size-full has-custom-border .skatenacht-hover img {  transition: transform 0.3s ease !important, opacity !important; } .skatenacht-hover:hover transform: scale(1.05) opacity: 0.85 wp-duotone-111111-rgb20918399-1" style="margin-bottom:24px"><a href="https://brettern.org/wordpress/skatenacht/" rel="Skatenacht"><img loading="lazy" decoding="async" width="1707" height="2560" src="https://brettern.org/wordpress/wp-content/uploads/2026/02/VIBE_2025-07_SN_IvanDjumbov_FRIEDRICH_01-scaled.png" alt="Skatenacht Moodpic" class="wp-image-1043" style="border-style:none;border-width:0px;aspect-ratio:4/3;object-fit:cover" srcset="https://brettern.org/wordpress/wp-content/uploads/2026/02/VIBE_2025-07_SN_IvanDjumbov_FRIEDRICH_01-scaled.png 1707w, https://brettern.org/wordpress/wp-content/uploads/2026/02/VIBE_2025-07_SN_IvanDjumbov_FRIEDRICH_01-200x300.png 200w, https://brettern.org/wordpress/wp-content/uploads/2026/02/VIBE_2025-07_SN_IvanDjumbov_FRIEDRICH_01-683x1024.png 683w, https://brettern.org/wordpress/wp-content/uploads/2026/02/VIBE_2025-07_SN_IvanDjumbov_FRIEDRICH_01-768x1152.png 768w, https://brettern.org/wordpress/wp-content/uploads/2026/02/VIBE_2025-07_SN_IvanDjumbov_FRIEDRICH_01-1024x1536.png 1024w" sizes="auto, (max-width: 1707px) 100vw, 1707px" /></a></figure>



<div class="wp-block-group is-vertical is-content-justification-left is-layout-flex wp-container-core-group-is-layout-74270371 wp-block-group-is-layout-flex" style="margin-bottom:var(--wp--preset--spacing--40);padding-right:var(--wp--preset--spacing--40);padding-left:var(--wp--preset--spacing--40)">
<h3 class="wp-block-heading is-style-default has-x-large-font-size" style="text-decoration:underline"><a href="https://brettern.org/wordpress/skatenacht/" data-type="page" data-id="699">Skatenacht</a></h3>



<p class="has-medium-font-size">Die Skatenacht auf dem Theaterplatz ist unsere »älteste« Veranstaltung in Weimar und zugleich&nbsp; eine Begegnungsplattform für Jung und Alt.</p>
</div>
</div>



<div class="wp-block-column a img { filter: grayscale(100%); transition: filter 0.3s ease; } a:hover grayscale(0%); is-style-default is-layout-flow wp-container-core-column-is-layout-0390f29b wp-block-column-is-layout-flow" style="padding-right:0;padding-left:0">
<figure class="wp-block-image size-full .skatenacht-hover img {  transition: transform 0.3s ease !important, opacity !important; } .skatenacht-hover:hover transform: scale(1.05) opacity: 0.85 wp-duotone-rgb000-rgb222114114-2" style="margin-bottom:24px"><a href="https://brettern.org/wordpress/rollschuhdisko/" rel="Rollschuhdisko"><img loading="lazy" decoding="async" width="1707" height="2560" src="https://brettern.org/wordpress/wp-content/uploads/2026/02/Rollschuhdisko_30092023_CarolinKlemm_75-scaled.jpg" alt="Rollschuhdisko Moodpic" class="wp-image-1057" style="aspect-ratio:4/3;object-fit:cover" srcset="https://brettern.org/wordpress/wp-content/uploads/2026/02/Rollschuhdisko_30092023_CarolinKlemm_75-scaled.jpg 1707w, https://brettern.org/wordpress/wp-content/uploads/2026/02/Rollschuhdisko_30092023_CarolinKlemm_75-200x300.jpg 200w, https://brettern.org/wordpress/wp-content/uploads/2026/02/Rollschuhdisko_30092023_CarolinKlemm_75-683x1024.jpg 683w, https://brettern.org/wordpress/wp-content/uploads/2026/02/Rollschuhdisko_30092023_CarolinKlemm_75-768x1152.jpg 768w, https://brettern.org/wordpress/wp-content/uploads/2026/02/Rollschuhdisko_30092023_CarolinKlemm_75-1024x1536.jpg 1024w, https://brettern.org/wordpress/wp-content/uploads/2026/02/Rollschuhdisko_30092023_CarolinKlemm_75-1365x2048.jpg 1365w" sizes="auto, (max-width: 1707px) 100vw, 1707px" /></a></figure>



<div class="wp-block-group is-vertical is-layout-flex wp-container-core-group-is-layout-0193d91d wp-block-group-is-layout-flex" style="margin-bottom:var(--wp--preset--spacing--40);padding-right:var(--wp--preset--spacing--40);padding-left:var(--wp--preset--spacing--40)">
<h3 class="wp-block-heading is-style-default has-x-large-font-size" style="text-decoration:underline"><a href="https://brettern.org/wordpress/rollschuhdisko/" data-type="page" data-id="699">Rollschuhdisko</a></h3>



<p class="has-medium-font-size">Die erste öffentliche Rollschuhdisko konnten wir 2023 auf dem Stéphane- Hessel-Platz in Weimar organisieren. Die Veranstaltung war so erfolgreich, dass uns schnell klar war, die Rollschuhdisko wird unsere zweite große jährlich stattfindende Veranstaltung.</p>
</div>
</div>



<div class="wp-block-column a img { filter: grayscale(100%); transition: filter 0.3s ease; } a:hover grayscale(0%); is-style-default is-layout-flow wp-container-core-column-is-layout-0390f29b wp-block-column-is-layout-flow" style="padding-right:0;padding-left:0">
<figure class="wp-block-image size-full .skatenacht-hover img {  transition: transform 0.3s ease !important, opacity !important; } .skatenacht-hover:hover transform: scale(1.05) opacity: 0.85 wp-duotone-rgb000-rgb87166205-3" style="margin-bottom:24px"><a href="https://brettern.org/wordpress/workshops/" rel="Workshops"><img loading="lazy" decoding="async" width="2560" height="1920" src="https://brettern.org/wordpress/wp-content/uploads/2026/02/WORKSHOP_2025-07_SN_MiriamZweck_IMG_1762_bearb-scaled.jpg" alt="Workshops Moodpic" class="wp-image-1041" style="aspect-ratio:4/3;object-fit:cover" srcset="https://brettern.org/wordpress/wp-content/uploads/2026/02/WORKSHOP_2025-07_SN_MiriamZweck_IMG_1762_bearb-scaled.jpg 2560w, https://brettern.org/wordpress/wp-content/uploads/2026/02/WORKSHOP_2025-07_SN_MiriamZweck_IMG_1762_bearb-300x225.jpg 300w, https://brettern.org/wordpress/wp-content/uploads/2026/02/WORKSHOP_2025-07_SN_MiriamZweck_IMG_1762_bearb-1024x768.jpg 1024w, https://brettern.org/wordpress/wp-content/uploads/2026/02/WORKSHOP_2025-07_SN_MiriamZweck_IMG_1762_bearb-768x576.jpg 768w, https://brettern.org/wordpress/wp-content/uploads/2026/02/WORKSHOP_2025-07_SN_MiriamZweck_IMG_1762_bearb-1536x1152.jpg 1536w, https://brettern.org/wordpress/wp-content/uploads/2026/02/WORKSHOP_2025-07_SN_MiriamZweck_IMG_1762_bearb-2048x1536.jpg 2048w" sizes="auto, (max-width: 2560px) 100vw, 2560px" /></a></figure>



<div class="wp-block-group is-vertical is-layout-flex wp-container-core-group-is-layout-0193d91d wp-block-group-is-layout-flex" style="margin-bottom:var(--wp--preset--spacing--40);padding-right:var(--wp--preset--spacing--40);padding-left:var(--wp--preset--spacing--40)">
<h3 class="wp-block-heading is-style-default has-x-large-font-size" style="text-decoration:underline"><a href="https://brettern.org/wordpress/workshops/" data-type="page" data-id="699">Workshops</a></h3>



<p class="has-medium-font-size">Wir koordinieren und geben Workshops für Kinder und Heranwachsende bis hin zu Ausgewachsenen Anfänger*innen auf Rollen, an Mikrophonen und beim Bauen. </p>
</div>
</div>
</div>
</div>



<p></p>

<p>Skatenacht Die Skatenacht auf dem Theaterplatz ist unsere »älteste« Veranstaltung in Weimar und zugleich&nbsp; eine Begegnungsplattform für Jung und Alt. Rollschuhdisko Die erste öffentliche Rollschuhdisko konnten wir 2023 auf dem Stéphane- Hessel-Platz in Weimar organisieren. Die Veranstaltung war so erfolgreich, dass uns schnell klar war, die Rollschuhdisko wird unsere zweite große jährlich stattfindende Veranstaltung. Workshops [&hellip;]</p>
